Last updated on 2022-08-11 12:55:32 CEST.
Flavor | Version | Tinstall | Tcheck | Ttotal | Status | Flags |
---|---|---|---|---|---|---|
r-devel-linux-x86_64-debian-clang | 0.3.3 | 9.98 | 105.19 | 115.17 | OK | |
r-devel-linux-x86_64-debian-gcc | 0.3.3 | 7.62 | 78.28 | 85.90 | OK | |
r-devel-linux-x86_64-fedora-clang | 0.3.3 | 142.91 | NOTE | |||
r-devel-linux-x86_64-fedora-gcc | 0.3.3 | 141.13 | NOTE | |||
r-devel-windows-x86_64 | 0.3.3 | 18.00 | 134.00 | 152.00 | OK | |
r-patched-linux-x86_64 | 0.3.3 | 10.13 | 96.50 | 106.63 | OK | |
r-release-linux-x86_64 | 0.3.3 | OK | ||||
r-release-macos-arm64 | 0.3.3 | 41.00 | NOTE | |||
r-release-macos-x86_64 | 0.3.3 | 72.00 | NOTE | |||
r-release-windows-x86_64 | 0.3.3 | 51.00 | 135.00 | 186.00 | OK | |
r-oldrel-macos-arm64 | 0.3.3 | 56.00 | NOTE | |||
r-oldrel-macos-x86_64 | 0.3.3 | 55.00 | NOTE | |||
r-oldrel-windows-ix86+x86_64 | 0.3.3 | 23.00 | 122.00 | 145.00 | OK |
Version: 0.3.3
Check: dependencies in R code
Result: NOTE
Namespaces in Imports field not imported from:
‘productplots’ ‘scales’
All declared Imports should be used.
Flavors: r-devel-linux-x86_64-fedora-clang, r-devel-linux-x86_64-fedora-gcc, r-release-macos-arm64, r-release-macos-x86_64, r-oldrel-macos-arm64, r-oldrel-macos-x86_64