CRAN Package Check Results for Package ggedit

Last updated on 2022-08-11 12:55:32 CEST.

Flavor Version Tinstall Tcheck Ttotal Status Flags
r-devel-linux-x86_64-debian-clang 0.3.1 12.96 119.24 132.20 OK
r-devel-linux-x86_64-debian-gcc 0.3.1 9.28 85.78 95.06 OK
r-devel-linux-x86_64-fedora-clang 0.3.1 164.90 NOTE
r-devel-linux-x86_64-fedora-gcc 0.3.1 163.34 NOTE
r-devel-windows-x86_64 0.3.1 47.00 143.00 190.00 OK
r-patched-linux-x86_64 0.3.1 10.79 110.56 121.35 OK
r-release-linux-x86_64 0.3.1 OK
r-release-macos-arm64 0.3.1 44.00 NOTE
r-release-macos-x86_64 0.3.1 82.00 NOTE
r-release-windows-x86_64 0.3.1 47.00 152.00 199.00 OK
r-oldrel-macos-arm64 0.3.1 49.00 NOTE
r-oldrel-macos-x86_64 0.3.1 67.00 NOTE
r-oldrel-windows-ix86+x86_64 0.3.1 26.00 140.00 166.00 OK

Check Details

Version: 0.3.1
Check: dependencies in R code
Result: NOTE
    Namespace in Imports field not imported from: ‘magrittr’
     All declared Imports should be used.
Flavors: r-devel-linux-x86_64-fedora-clang, r-devel-linux-x86_64-fedora-gcc, r-release-macos-arm64, r-release-macos-x86_64, r-oldrel-macos-arm64, r-oldrel-macos-x86_64