CRAN Package Check Results for Package ggExtra

Last updated on 2022-08-06 12:57:22 CEST.

Flavor Version Tinstall Tcheck Ttotal Status Flags
r-devel-linux-x86_64-debian-clang 0.10.0 6.70 59.70 66.40 NOTE
r-devel-linux-x86_64-debian-gcc 0.10.0 5.21 44.35 49.56 NOTE
r-devel-linux-x86_64-fedora-clang 0.10.0 87.86 NOTE
r-devel-linux-x86_64-fedora-gcc 0.10.0 89.91 NOTE
r-devel-windows-x86_64 0.10.0 487.00 96.00 583.00 OK
r-patched-linux-x86_64 0.10.0 6.54 57.18 63.72 NOTE
r-release-linux-x86_64 0.10.0 5.35 55.31 60.66 NOTE
r-release-macos-arm64 0.10.0 35.00 NOTE
r-release-macos-x86_64 0.10.0 52.00 NOTE
r-release-windows-x86_64 0.10.0 407.00 96.00 503.00 OK
r-oldrel-macos-arm64 0.10.0 31.00 NOTE
r-oldrel-macos-x86_64 0.10.0 41.00 NOTE
r-oldrel-windows-ix86+x86_64 0.10.0 15.00 85.00 100.00 OK

Check Details

Version: 0.10.0
Check: R code for possible problems
Result: NOTE
    Found the following assignments to the global environment:
    File 'ggExtra/R/ggMarginalGadget.R':
     assign(plotname, eval(parse(text = origPlot)), envir = .GlobalEnv)
Flavors: r-devel-linux-x86_64-debian-clang, r-devel-linux-x86_64-debian-gcc, r-devel-linux-x86_64-fedora-clang, r-patched-linux-x86_64, r-release-linux-x86_64

Version: 0.10.0
Check: dependencies in R code
Result: NOTE
    Namespaces in Imports field not imported from:
     ‘R6’ ‘grDevices’ ‘scales’ ‘utils’
     All declared Imports should be used.
Flavors: r-devel-linux-x86_64-fedora-clang, r-devel-linux-x86_64-fedora-gcc, r-release-macos-arm64, r-release-macos-x86_64, r-oldrel-macos-arm64, r-oldrel-macos-x86_64