CRAN Package Check Results for Package geouy

Last updated on 2022-10-03 12:53:12 CEST.

Flavor Version Tinstall Tcheck Ttotal Status Flags
r-devel-linux-x86_64-debian-clang 0.2.5 34.59 313.07 347.66 OK
r-devel-linux-x86_64-debian-gcc 0.2.5 28.18 227.97 256.15 OK
r-devel-linux-x86_64-fedora-clang 0.2.5 469.25 NOTE
r-devel-linux-x86_64-fedora-gcc 0.2.5 454.18 NOTE
r-devel-windows-x86_64 0.2.5 40.00 306.00 346.00 OK
r-patched-linux-x86_64 0.2.5 35.09 298.77 333.86 OK
r-release-linux-x86_64 0.2.5 29.66 297.42 327.08 OK
r-release-macos-arm64 0.2.5 82.00 NOTE
r-release-macos-x86_64 0.2.5 177.00 NOTE
r-release-windows-x86_64 0.2.5 40.00 304.00 344.00 OK
r-oldrel-macos-arm64 0.2.5 54.00 NOTE
r-oldrel-macos-x86_64 0.2.5 67.00 NOTE
r-oldrel-windows-ix86+x86_64 0.2.5 75.00 310.00 385.00 OK

Check Details

Version: 0.2.5
Check: data for non-ASCII characters
Result: NOTE
     Note: found 64 marked Latin-1 strings
     Note: found 25 marked UTF-8 strings
Flavors: r-devel-linux-x86_64-fedora-clang, r-devel-linux-x86_64-fedora-gcc, r-release-macos-arm64, r-release-macos-x86_64, r-oldrel-macos-arm64, r-oldrel-macos-x86_64