CRAN Package Check Results for Package geodiv

Last updated on 2022-10-04 12:53:39 CEST.

Flavor Version Tinstall Tcheck Ttotal Status Flags
r-devel-linux-x86_64-debian-clang 1.0.5 59.58 805.90 865.48 OK
r-devel-linux-x86_64-debian-gcc 1.0.5 49.57 563.70 613.27 OK
r-devel-linux-x86_64-fedora-clang 1.0.5 1027.35 NOTE
r-devel-linux-x86_64-fedora-gcc 1.0.5 1039.86 NOTE
r-devel-windows-x86_64 1.0.5 65.00 881.00 946.00 OK
r-patched-linux-x86_64 1.0.5 57.70 744.66 802.36 OK
r-release-linux-x86_64 1.0.5 57.25 744.58 801.83 OK
r-release-macos-arm64 1.0.5 400.00 NOTE
r-release-macos-x86_64 1.0.5 538.00 NOTE
r-release-windows-x86_64 1.0.5 61.00 868.00 929.00 OK
r-oldrel-macos-arm64 1.0.5 405.00 NOTE
r-oldrel-macos-x86_64 1.0.5 519.00 NOTE
r-oldrel-windows-ix86+x86_64 1.0.5 146.00 1046.00 1192.00 OK

Check Details

Version: 1.0.5
Check: dependencies in R code
Result: NOTE
    Namespaces in Imports field not imported from:
     ‘phonTools’ ‘rgdal’ ‘rgeos’
     All declared Imports should be used.
Flavors: r-devel-linux-x86_64-fedora-clang, r-devel-linux-x86_64-fedora-gcc, r-release-macos-arm64, r-release-macos-x86_64, r-oldrel-macos-arm64, r-oldrel-macos-x86_64