CRAN Package Check Results for Package geodist

Last updated on 2022-10-03 12:53:12 CEST.

Flavor Version Tinstall Tcheck Ttotal Status Flags
r-devel-linux-x86_64-debian-clang 0.0.7 7.31 28.88 36.19 NOTE
r-devel-linux-x86_64-debian-gcc 0.0.7 5.49 22.59 28.08 NOTE
r-devel-linux-x86_64-fedora-clang 0.0.7 56.98 NOTE
r-devel-linux-x86_64-fedora-gcc 0.0.7 56.57 NOTE
r-devel-windows-x86_64 0.0.7 20.00 65.00 85.00 NOTE
r-patched-linux-x86_64 0.0.7 6.18 27.86 34.04 NOTE
r-release-linux-x86_64 0.0.7 6.46 28.11 34.57 NOTE
r-release-macos-arm64 0.0.7 22.00 NOTE
r-release-macos-x86_64 0.0.7 29.00 NOTE
r-release-windows-x86_64 0.0.7 29.00 59.00 88.00 NOTE
r-oldrel-macos-arm64 0.0.7 24.00 NOTE
r-oldrel-macos-x86_64 0.0.7 39.00 NOTE
r-oldrel-windows-ix86+x86_64 0.0.7 23.00 67.00 90.00 NOTE

Check Details

Version: 0.0.7
Check: LazyData
Result: NOTE
     'LazyData' is specified without a 'data' directory
Flavors: r-devel-linux-x86_64-debian-clang, r-devel-linux-x86_64-debian-gcc, r-devel-linux-x86_64-fedora-clang, r-devel-linux-x86_64-fedora-gcc, r-devel-windows-x86_64, r-patched-linux-x86_64, r-release-linux-x86_64, r-release-macos-arm64, r-release-macos-x86_64, r-release-windows-x86_64, r-oldrel-macos-arm64, r-oldrel-macos-x86_64, r-oldrel-windows-ix86+x86_64