CRAN Package Check Results for Package gdpc

Last updated on 2022-09-24 12:57:27 CEST.

Flavor Version Tinstall Tcheck Ttotal Status Flags
r-devel-linux-x86_64-debian-clang 1.1.2 36.82 58.01 94.83 WARN
r-devel-linux-x86_64-debian-gcc 1.1.2 33.45 44.35 77.80 OK
r-devel-linux-x86_64-fedora-clang 1.1.2 140.41 WARN
r-devel-linux-x86_64-fedora-gcc 1.1.2 142.48 OK
r-devel-windows-x86_64 1.1.2 45.00 148.00 193.00 OK
r-patched-linux-x86_64 1.1.2 28.00 55.47 83.47 OK
r-release-linux-x86_64 1.1.2 37.46 55.99 93.45 OK
r-release-macos-arm64 1.1.2 45.00 OK
r-release-macos-x86_64 1.1.2 58.00 OK
r-release-windows-x86_64 1.1.2 39.00 153.00 192.00 OK
r-oldrel-macos-arm64 1.1.2 60.00 OK
r-oldrel-macos-x86_64 1.1.2 85.00 OK
r-oldrel-windows-ix86+x86_64 1.1.2 96.00 147.00 243.00 OK

Additional issues

clang14

Check Details

Version: 1.1.2
Check: whether package can be installed
Result: WARN
    Found the following significant warnings:
     gdpc_auxfunc.cpp:79:11: warning: use of bitwise '&' with boolean operands [-Wbitwise-instead-of-logical]
Flavors: r-devel-linux-x86_64-debian-clang, r-devel-linux-x86_64-fedora-clang