CRAN Package Check Results for Package gRapfa

Last updated on 2021-10-21 12:58:02 CEST.

Flavor Version Tinstall Tcheck Ttotal Status Flags
r-devel-linux-x86_64-debian-clang 1.0 3.61 35.41 39.02 NOTE
r-devel-linux-x86_64-debian-gcc 1.0 2.58 27.75 30.33 NOTE
r-devel-linux-x86_64-fedora-clang 1.0 58.08 NOTE
r-devel-linux-x86_64-fedora-gcc 1.0 47.31 NOTE
r-devel-windows-x86_64 1.0 6.00 57.00 63.00 NOTE
r-devel-windows-x86_64-gcc10-UCRT 1.0 ERROR
r-patched-linux-x86_64 1.0 3.56 35.04 38.60 NOTE
r-patched-solaris-x86 1.0 71.20 NOTE
r-release-linux-x86_64 1.0 3.06 34.26 37.32 NOTE
r-release-macos-arm64 1.0 NOTE
r-release-macos-x86_64 1.0 NOTE
r-release-windows-ix86+x86_64 1.0 4.00 54.00 58.00 NOTE
r-oldrel-macos-x86_64 1.0 NOTE
r-oldrel-windows-ix86+x86_64 1.0 7.00 84.00 91.00 NOTE

Check Details

Version: 1.0
Check: R code for possible problems
Result: NOTE
    KL: no visible global function definition for 'complete.cases'
    MergeNodes: no visible global function definition for 'colors'
    cross.validate: no visible global function definition for 'runif'
    fit.APFA: no visible global function definition for 'complete.cases'
    fit.APFA: no visible global function definition for 'aggregate'
    select.beagle: no visible global function definition for 'write.table'
    select.beagle: no visible global function definition for 'aggregate'
    select.beagle: no visible global function definition for 'colors'
    simulateAPFA: no visible global function definition for 'runif'
    st: no visible global function definition for 'colors'
    Undefined global functions or variables:
     aggregate colors complete.cases runif write.table
    Consider adding
     importFrom("grDevices", "colors")
     importFrom("stats", "aggregate", "complete.cases", "runif")
     importFrom("utils", "write.table")
    to your NAMESPACE file.
Flavors: r-devel-linux-x86_64-debian-clang, r-devel-linux-x86_64-debian-gcc, r-devel-linux-x86_64-fedora-clang, r-devel-linux-x86_64-fedora-gcc, r-devel-windows-x86_64, r-patched-linux-x86_64, r-patched-solaris-x86, r-release-linux-x86_64, r-release-macos-arm64, r-release-macos-x86_64, r-release-windows-ix86+x86_64, r-oldrel-macos-x86_64, r-oldrel-windows-ix86+x86_64

Version: 1.0
Check: package dependencies
Result: ERROR
    Package required but not available: 'igraph'
    
    See section 'The DESCRIPTION file' in the 'Writing R Extensions'
    manual.
Flavor: r-devel-windows-x86_64-gcc10-UCRT