CRAN Package Check Results for Package fruclimadapt

Last updated on 2022-09-25 12:55:57 CEST.

Flavor Version Tinstall Tcheck Ttotal Status Flags
r-devel-linux-x86_64-debian-clang 0.4.4 14.72 149.15 163.87 OK
r-devel-linux-x86_64-debian-gcc 0.4.4 11.09 109.50 120.59 OK
r-devel-linux-x86_64-fedora-clang 0.4.4 197.32 NOTE
r-devel-linux-x86_64-fedora-gcc 0.4.4 216.21 OK
r-devel-windows-x86_64 0.4.4 55.00 175.00 230.00 OK
r-patched-linux-x86_64 0.4.4 9.83 133.96 143.79 OK
r-release-linux-x86_64 0.4.4 8.15 137.92 146.07 OK
r-release-macos-arm64 0.4.4 46.00 OK
r-release-macos-x86_64 0.4.4 83.00 OK
r-release-windows-x86_64 0.4.4 47.00 176.00 223.00 OK
r-oldrel-macos-arm64 0.4.4 54.00 OK
r-oldrel-macos-x86_64 0.4.4 76.00 OK
r-oldrel-windows-ix86+x86_64 0.4.4 30.00 168.00 198.00 OK

Check Details

Version: 0.4.4
Check: Rd cross-references
Result: NOTE
    Undeclared package ‘chillR’ in Rd xrefs
Flavor: r-devel-linux-x86_64-fedora-clang