CRAN Package Check Results for Package forestecology

Last updated on 2022-10-03 12:53:11 CEST.

Flavor Version Tinstall Tcheck Ttotal Status Flags
r-devel-linux-x86_64-debian-clang 0.2.0 13.11 154.31 167.42 NOTE
r-devel-linux-x86_64-debian-gcc 0.2.0 10.22 113.03 123.25 NOTE
r-devel-linux-x86_64-fedora-clang 0.2.0 221.50 NOTE
r-devel-linux-x86_64-fedora-gcc 0.2.0 207.71 NOTE
r-devel-windows-x86_64 0.2.0 96.00 181.00 277.00 NOTE
r-patched-linux-x86_64 0.2.0 11.93 147.25 159.18 OK
r-release-linux-x86_64 0.2.0 9.77 145.01 154.78 OK
r-release-macos-arm64 0.2.0 58.00 NOTE
r-release-macos-x86_64 0.2.0 119.00 NOTE
r-release-windows-x86_64 0.2.0 70.00 194.00 264.00 OK
r-oldrel-macos-arm64 0.2.0 50.00 NOTE
r-oldrel-macos-x86_64 0.2.0 68.00 NOTE
r-oldrel-windows-ix86+x86_64 0.2.0 26.00 177.00 203.00 OK

Check Details

Version: 0.2.0
Check: package subdirectories
Result: NOTE
    Problems with news in 'NEWS.md':
     Cannot extract version info from the following section titles:
     Previous versions (not tagged nor released)
Flavors: r-devel-linux-x86_64-debian-clang, r-devel-linux-x86_64-debian-gcc, r-devel-linux-x86_64-fedora-clang, r-devel-linux-x86_64-fedora-gcc, r-devel-windows-x86_64

Version: 0.2.0
Check: dependencies in R code
Result: NOTE
    Namespaces in Imports field not imported from:
     ‘blockCV’ ‘patchwork’
     All declared Imports should be used.
Flavors: r-devel-linux-x86_64-fedora-clang, r-devel-linux-x86_64-fedora-gcc, r-release-macos-arm64, r-release-macos-x86_64, r-oldrel-macos-arm64, r-oldrel-macos-x86_64