CRAN Package Check Results for Package flare

Last updated on 2021-10-21 12:58:00 CEST.

Flavor Version Tinstall Tcheck Ttotal Status Flags
r-devel-linux-x86_64-debian-clang 1.7.0 16.06 96.50 112.56 OK
r-devel-linux-x86_64-debian-gcc 1.7.0 11.72 77.56 89.28 OK
r-devel-linux-x86_64-fedora-clang 1.7.0 148.03 OK
r-devel-linux-x86_64-fedora-gcc 1.7.0 137.53 OK
r-devel-windows-x86_64 1.7.0 23.00 132.00 155.00 OK
r-devel-windows-x86_64-gcc10-UCRT 1.7.0 ERROR
r-patched-linux-x86_64 1.7.0 13.93 96.29 110.22 OK
r-patched-solaris-x86 1.7.0 204.00 OK
r-release-linux-x86_64 1.7.0 12.54 95.15 107.69 OK
r-release-macos-arm64 1.7.0 OK
r-release-macos-x86_64 1.7.0 OK
r-release-windows-ix86+x86_64 1.7.0 28.00 171.00 199.00 OK
r-oldrel-macos-x86_64 1.7.0 OK
r-oldrel-windows-ix86+x86_64 1.7.0 39.00 170.00 209.00 OK

Check Details

Version: 1.7.0
Check: package dependencies
Result: ERROR
    Package required but not available: 'igraph'
    
    See section 'The DESCRIPTION file' in the 'Writing R Extensions'
    manual.
Flavor: r-devel-windows-x86_64-gcc10-UCRT