CRAN Package Check Results for Package fitteR

Last updated on 2022-10-03 12:53:11 CEST.

Flavor Version Tinstall Tcheck Ttotal Status Flags
r-devel-linux-x86_64-debian-clang 0.2.0 8.73 79.35 88.08 NOTE
r-devel-linux-x86_64-debian-gcc 0.2.0 6.67 57.63 64.30 NOTE
r-devel-linux-x86_64-fedora-clang 0.2.0 123.30 NOTE
r-devel-linux-x86_64-fedora-gcc 0.2.0 116.86 NOTE
r-devel-windows-x86_64 0.2.0 14.00 102.00 116.00 OK
r-patched-linux-x86_64 0.2.0 7.63 74.36 81.99 NOTE
r-release-linux-x86_64 0.2.0 6.98 73.68 80.66 NOTE
r-release-macos-arm64 0.2.0 32.00 OK
r-release-macos-x86_64 0.2.0 56.00 NOTE
r-release-windows-x86_64 0.2.0 14.00 99.00 113.00 OK
r-oldrel-macos-arm64 0.2.0 28.00 OK
r-oldrel-macos-x86_64 0.2.0 42.00 OK
r-oldrel-windows-ix86+x86_64 0.2.0 20.00 101.00 121.00 OK

Check Details

Version: 0.2.0
Check: package dependencies
Result: NOTE
    Packages suggested but not available for checking:
     'benchden', 'reliaR', 'STAR'
Flavors: r-devel-linux-x86_64-debian-clang, r-devel-linux-x86_64-debian-gcc, r-devel-linux-x86_64-fedora-clang, r-devel-linux-x86_64-fedora-gcc, r-patched-linux-x86_64, r-release-linux-x86_64

Version: 0.2.0
Check: package dependencies
Result: NOTE
    Package suggested but not available for checking: ‘reliaR’
Flavor: r-release-macos-x86_64