Last updated on 2022-08-06 12:57:21 CEST.
Flavor | Version | Tinstall | Tcheck | Ttotal | Status | Flags |
---|---|---|---|---|---|---|
r-devel-linux-x86_64-debian-clang | 0.2.1 | 7.72 | 99.40 | 107.12 | NOTE | |
r-devel-linux-x86_64-debian-gcc | 0.2.1 | 6.69 | 72.17 | 78.86 | NOTE | |
r-devel-linux-x86_64-fedora-clang | 0.2.1 | 135.40 | NOTE | |||
r-devel-linux-x86_64-fedora-gcc | 0.2.1 | 133.59 | NOTE | |||
r-devel-windows-x86_64 | 0.2.1 | 36.00 | 121.00 | 157.00 | NOTE | |
r-patched-linux-x86_64 | 0.2.1 | 7.18 | 91.34 | 98.52 | OK | |
r-release-linux-x86_64 | 0.2.1 | 6.10 | 91.41 | 97.51 | OK | |
r-release-macos-arm64 | 0.2.1 | 38.00 | OK | |||
r-release-macos-x86_64 | 0.2.1 | 62.00 | OK | |||
r-release-windows-x86_64 | 0.2.1 | 36.00 | 123.00 | 159.00 | OK | |
r-oldrel-macos-arm64 | 0.2.1 | 29.00 | OK | |||
r-oldrel-macos-x86_64 | 0.2.1 | 49.00 | OK | |||
r-oldrel-windows-ix86+x86_64 | 0.2.1 | 20.00 | 117.00 | 137.00 | OK |
Version: 0.2.1
Check: package subdirectories
Result: NOTE
Problems with news in 'NEWS.md':
Cannot extract version info from the following section titles:
ffp (development version)
Flavors: r-devel-linux-x86_64-debian-clang, r-devel-linux-x86_64-debian-gcc, r-devel-linux-x86_64-fedora-clang, r-devel-linux-x86_64-fedora-gcc, r-devel-windows-x86_64