CRAN Package Check Results for Package fastverse

Last updated on 2022-10-03 12:53:11 CEST.

Flavor Version Tinstall Tcheck Ttotal Status Flags
r-devel-linux-x86_64-debian-clang 0.2.4 4.37 51.91 56.28 OK
r-devel-linux-x86_64-debian-gcc 0.2.4 3.06 38.83 41.89 OK
r-devel-linux-x86_64-fedora-clang 0.2.4 79.61 NOTE
r-devel-linux-x86_64-fedora-gcc 0.2.4 76.13 NOTE
r-devel-windows-x86_64 0.2.4 22.00 88.00 110.00 OK
r-patched-linux-x86_64 0.2.4 4.39 49.03 53.42 OK
r-release-linux-x86_64 0.2.4 2.78 48.22 51.00 OK
r-release-macos-arm64 0.2.4 29.00 NOTE
r-release-macos-x86_64 0.2.4 35.00 NOTE
r-release-windows-x86_64 0.2.4 26.00 85.00 111.00 OK
r-oldrel-macos-arm64 0.2.4 21.00 NOTE
r-oldrel-macos-x86_64 0.2.4 32.00 NOTE
r-oldrel-windows-ix86+x86_64 0.2.4 10.00 76.00 86.00 OK

Check Details

Version: 0.2.4
Check: dependencies in R code
Result: NOTE
    Namespaces in Imports field not imported from:
     ‘collapse’ ‘data.table’ ‘fst’ ‘kit’ ‘magrittr’ ‘matrixStats’
     All declared Imports should be used.
Flavors: r-devel-linux-x86_64-fedora-clang, r-devel-linux-x86_64-fedora-gcc, r-release-macos-arm64, r-release-macos-x86_64, r-oldrel-macos-arm64, r-oldrel-macos-x86_64