CRAN Package Check Results for Package fastclime

Last updated on 2021-10-21 12:57:59 CEST.

Flavor Version Tinstall Tcheck Ttotal Status Flags
r-devel-linux-x86_64-debian-clang 1.4.1 12.39 84.13 96.52 NOTE
r-devel-linux-x86_64-debian-gcc 1.4.1 9.84 67.00 76.84 NOTE
r-devel-linux-x86_64-fedora-clang 1.4.1 127.13 NOTE
r-devel-linux-x86_64-fedora-gcc 1.4.1 117.56 NOTE
r-devel-windows-x86_64 1.4.1 20.00 121.00 141.00 OK
r-devel-windows-x86_64-gcc10-UCRT 1.4.1 ERROR
r-patched-linux-x86_64 1.4.1 11.74 81.26 93.00 NOTE
r-patched-solaris-x86 1.4.1 191.80 NOTE
r-release-linux-x86_64 1.4.1 10.16 83.32 93.48 NOTE
r-release-macos-arm64 1.4.1 OK
r-release-macos-x86_64 1.4.1 OK
r-release-windows-ix86+x86_64 1.4.1 23.00 150.00 173.00 OK
r-oldrel-macos-x86_64 1.4.1 OK
r-oldrel-windows-ix86+x86_64 1.4.1 31.00 147.00 178.00 OK

Check Details

Version: 1.4.1
Check: for non-standard things in the check directory
Result: NOTE
    Found the following files/directories:
     'default5.eps'
Flavors: r-devel-linux-x86_64-debian-clang, r-devel-linux-x86_64-debian-gcc, r-devel-linux-x86_64-fedora-clang, r-devel-linux-x86_64-fedora-gcc, r-patched-linux-x86_64, r-patched-solaris-x86, r-release-linux-x86_64

Version: 1.4.1
Check: compiled code
Result: NOTE
    File ‘fastclime/libs/fastclime.so’:
     Found no calls to: ‘R_registerRoutines’, ‘R_useDynamicSymbols’
    
    It is good practice to register native routines and to disable symbol
    search.
    
    See ‘Writing portable packages’ in the ‘Writing R Extensions’ manual.
Flavors: r-devel-linux-x86_64-fedora-clang, r-devel-linux-x86_64-fedora-gcc

Version: 1.4.1
Check: package dependencies
Result: ERROR
    Package required but not available: 'igraph'
    
    See section 'The DESCRIPTION file' in the 'Writing R Extensions'
    manual.
Flavor: r-devel-windows-x86_64-gcc10-UCRT