CRAN Package Check Results for Package fastDummies

Last updated on 2022-10-02 12:55:52 CEST.

Flavor Version Tinstall Tcheck Ttotal Status Flags
r-devel-linux-x86_64-debian-clang 1.6.3 1.95 36.17 38.12 NOTE
r-devel-linux-x86_64-debian-gcc 1.6.3 1.98 27.43 29.41 NOTE
r-devel-linux-x86_64-fedora-clang 1.6.3 58.41 NOTE
r-devel-linux-x86_64-fedora-gcc 1.6.3 60.23 NOTE
r-devel-windows-x86_64 1.6.3 17.00 66.00 83.00 NOTE
r-patched-linux-x86_64 1.6.3 2.26 33.74 36.00 NOTE
r-release-linux-x86_64 1.6.3 1.84 33.50 35.34 NOTE
r-release-macos-arm64 1.6.3 20.00 NOTE
r-release-macos-x86_64 1.6.3 26.00 NOTE
r-release-windows-x86_64 1.6.3 19.00 65.00 84.00 NOTE
r-oldrel-macos-arm64 1.6.3 23.00 NOTE
r-oldrel-macos-x86_64 1.6.3 37.00 NOTE
r-oldrel-windows-ix86+x86_64 1.6.3 5.00 60.00 65.00 NOTE

Check Details

Version: 1.6.3
Check: LazyData
Result: NOTE
     'LazyData' is specified without a 'data' directory
Flavors: r-devel-linux-x86_64-debian-clang, r-devel-linux-x86_64-debian-gcc, r-devel-linux-x86_64-fedora-clang, r-devel-linux-x86_64-fedora-gcc, r-devel-windows-x86_64, r-patched-linux-x86_64, r-release-linux-x86_64, r-release-macos-arm64, r-release-macos-x86_64, r-release-windows-x86_64, r-oldrel-macos-arm64, r-oldrel-macos-x86_64, r-oldrel-windows-ix86+x86_64