CRAN Package Check Results for Package fable.prophet

Last updated on 2022-09-24 12:57:27 CEST.

Flavor Version Tinstall Tcheck Ttotal Status Flags
r-devel-linux-x86_64-debian-clang 0.1.0 8.28 140.23 148.51 NOTE
r-devel-linux-x86_64-debian-gcc 0.1.0 7.34 101.21 108.55 NOTE
r-devel-linux-x86_64-fedora-clang 0.1.0 197.00 NOTE
r-devel-linux-x86_64-fedora-gcc 0.1.0 195.81 NOTE
r-devel-windows-x86_64 0.1.0 43.00 168.00 211.00 NOTE
r-patched-linux-x86_64 0.1.0 7.95 131.09 139.04 NOTE
r-release-linux-x86_64 0.1.0 7.89 131.34 139.23 NOTE
r-release-macos-arm64 0.1.0 54.00 NOTE
r-release-macos-x86_64 0.1.0 96.00 NOTE
r-release-windows-x86_64 0.1.0 22.00 167.00 189.00 NOTE
r-oldrel-macos-arm64 0.1.0 68.00 NOTE
r-oldrel-macos-x86_64 0.1.0 84.00 NOTE
r-oldrel-windows-ix86+x86_64 0.1.0 22.00 167.00 189.00 NOTE

Check Details

Version: 0.1.0
Check: LazyData
Result: NOTE
     'LazyData' is specified without a 'data' directory
Flavors: r-devel-linux-x86_64-debian-clang, r-devel-linux-x86_64-debian-gcc, r-devel-linux-x86_64-fedora-clang, r-devel-linux-x86_64-fedora-gcc, r-devel-windows-x86_64, r-patched-linux-x86_64, r-release-linux-x86_64, r-release-macos-arm64, r-release-macos-x86_64, r-release-windows-x86_64, r-oldrel-macos-arm64, r-oldrel-macos-x86_64, r-oldrel-windows-ix86+x86_64

Version: 0.1.0
Check: Rd cross-references
Result: NOTE
    Undeclared package ‘tibble’ in Rd xrefs
Flavor: r-devel-linux-x86_64-fedora-clang