CRAN Package Check Results for Package eva

Last updated on 2022-09-24 12:57:26 CEST.

Flavor Version Tinstall Tcheck Ttotal Status Flags
r-devel-linux-x86_64-debian-clang 0.2.6 10.88 116.63 127.51 OK
r-devel-linux-x86_64-debian-gcc 0.2.6 10.26 86.09 96.35 OK
r-devel-linux-x86_64-fedora-clang 0.2.6 166.28 NOTE
r-devel-linux-x86_64-fedora-gcc 0.2.6 177.27 NOTE
r-devel-windows-x86_64 0.2.6 28.00 150.00 178.00 OK
r-patched-linux-x86_64 0.2.6 12.70 108.94 121.64 OK
r-release-linux-x86_64 0.2.6 13.10 108.24 121.34 OK
r-release-macos-arm64 0.2.6 43.00 NOTE
r-release-macos-x86_64 0.2.6 81.00 NOTE
r-release-windows-x86_64 0.2.6 28.00 153.00 181.00 OK
r-oldrel-macos-arm64 0.2.6 49.00 NOTE
r-oldrel-macos-x86_64 0.2.6 78.00 NOTE
r-oldrel-windows-ix86+x86_64 0.2.6 27.00 137.00 164.00 OK

Check Details

Version: 0.2.6
Check: dependencies in R code
Result: NOTE
    Namespace in Imports field not imported from: ‘EnvStats’
     All declared Imports should be used.
Flavors: r-devel-linux-x86_64-fedora-clang, r-devel-linux-x86_64-fedora-gcc, r-release-macos-arm64, r-release-macos-x86_64, r-oldrel-macos-arm64, r-oldrel-macos-x86_64