CRAN Package Check Results for Package eph

Last updated on 2022-10-04 12:53:38 CEST.

Flavor Version Tinstall Tcheck Ttotal Status Flags
r-devel-linux-x86_64-debian-clang 0.5.1 3.56 83.43 86.99 OK
r-devel-linux-x86_64-debian-gcc 0.5.1 4.08 62.94 67.02 OK
r-devel-linux-x86_64-fedora-clang 0.5.1 114.23 NOTE
r-devel-linux-x86_64-fedora-gcc 0.5.1 112.38 NOTE
r-devel-windows-x86_64 0.5.1 23.00 133.00 156.00 OK
r-patched-linux-x86_64 0.5.1 3.95 78.35 82.30 OK
r-release-linux-x86_64 0.5.1 3.32 78.42 81.74 OK
r-release-macos-arm64 0.5.1 81.00 NOTE
r-release-macos-x86_64 0.5.1 110.00 NOTE
r-release-windows-x86_64 0.5.1 29.00 142.00 171.00 OK
r-oldrel-macos-arm64 0.5.1 72.00 NOTE
r-oldrel-macos-x86_64 0.5.1 95.00 NOTE
r-oldrel-windows-ix86+x86_64 0.5.1 12.00 131.00 143.00 OK

Check Details

Version: 0.5.1
Check: package dependencies
Result: NOTE
    Imports includes 21 non-default packages.
    Importing from so many packages makes the package vulnerable to any of
    them becoming unavailable. Move as many as possible to Suggests and
    use conditionally.
Flavor: r-devel-linux-x86_64-fedora-clang

Version: 0.5.1
Check: dependencies in R code
Result: NOTE
    Namespaces in Imports field not imported from:
     ‘readr’ ‘tidyverse’
     All declared Imports should be used.
Flavors: r-devel-linux-x86_64-fedora-clang, r-devel-linux-x86_64-fedora-gcc, r-release-macos-arm64, r-release-macos-x86_64, r-oldrel-macos-arm64, r-oldrel-macos-x86_64

Version: 0.5.1
Check: data for non-ASCII characters
Result: NOTE
     Note: found 1 marked Latin-1 string
     Note: found 1508 marked UTF-8 strings
Flavors: r-devel-linux-x86_64-fedora-clang, r-devel-linux-x86_64-fedora-gcc, r-release-macos-arm64, r-release-macos-x86_64, r-oldrel-macos-arm64, r-oldrel-macos-x86_64