CRAN Package Check Results for Package enc

Last updated on 2022-10-05 12:56:49 CEST.

Flavor Version Tinstall Tcheck Ttotal Status Flags
r-devel-linux-x86_64-debian-clang 0.2.2 2.92 29.65 32.57 NOTE
r-devel-linux-x86_64-debian-gcc 0.2.2 2.42 22.87 25.29 NOTE
r-devel-linux-x86_64-fedora-clang 0.2.2 52.09 NOTE
r-devel-linux-x86_64-fedora-gcc 0.2.2 51.59 NOTE
r-devel-windows-x86_64 0.2.2 17.00 67.00 84.00 NOTE
r-patched-linux-x86_64 0.2.2 2.88 28.44 31.32 NOTE
r-release-linux-x86_64 0.2.2 2.64 27.44 30.08 NOTE
r-release-macos-arm64 0.2.2 19.00 NOTE
r-release-macos-x86_64 0.2.2 23.00 NOTE
r-release-windows-x86_64 0.2.2 18.00 56.00 74.00 NOTE
r-oldrel-macos-arm64 0.2.2 23.00 NOTE
r-oldrel-macos-x86_64 0.2.2 30.00 NOTE
r-oldrel-windows-ix86+x86_64 0.2.2 11.00 63.00 74.00 NOTE

Check Details

Version: 0.2.2
Check: LazyData
Result: NOTE
     'LazyData' is specified without a 'data' directory
Flavors: r-devel-linux-x86_64-debian-clang, r-devel-linux-x86_64-debian-gcc, r-devel-linux-x86_64-fedora-clang, r-devel-linux-x86_64-fedora-gcc, r-devel-windows-x86_64, r-patched-linux-x86_64, r-release-linux-x86_64, r-release-macos-arm64, r-release-macos-x86_64, r-release-windows-x86_64, r-oldrel-macos-arm64, r-oldrel-macos-x86_64, r-oldrel-windows-ix86+x86_64