CRAN Package Check Results for Package emdbook

Last updated on 2022-08-11 12:55:30 CEST.

Flavor Version Tinstall Tcheck Ttotal Status Flags
r-devel-linux-x86_64-debian-clang 1.3.12 10.48 97.00 107.48 OK
r-devel-linux-x86_64-debian-gcc 1.3.12 9.69 73.82 83.51 OK
r-devel-linux-x86_64-fedora-clang 1.3.12 146.44 NOTE
r-devel-linux-x86_64-fedora-gcc 1.3.12 141.69 OK
r-devel-windows-x86_64 1.3.12 39.00 120.00 159.00 OK
r-patched-linux-x86_64 1.3.12 12.89 95.06 107.95 OK
r-release-linux-x86_64 1.3.12 OK
r-release-macos-arm64 1.3.12 35.00 OK
r-release-macos-x86_64 1.3.12 55.00 NOTE
r-release-windows-x86_64 1.3.12 29.00 127.00 156.00 OK
r-oldrel-macos-arm64 1.3.12 46.00 NOTE
r-oldrel-macos-x86_64 1.3.12 78.00 OK
r-oldrel-windows-ix86+x86_64 1.3.12 23.00 111.00 134.00 OK

Check Details

Version: 1.3.12
Check: Rd cross-references
Result: NOTE
    Undeclared package ‘mvtnorm’ in Rd xrefs
Flavor: r-devel-linux-x86_64-fedora-clang

Version: 1.3.12
Check: package dependencies
Result: NOTE
    Package suggested but not available for checking: ‘R2jags’
Flavors: r-release-macos-x86_64, r-oldrel-macos-arm64