CRAN Package Check Results for Package edeaR

Last updated on 2022-10-04 12:53:37 CEST.

Flavor Version Tinstall Tcheck Ttotal Status Flags
r-devel-linux-x86_64-debian-clang 0.9.1 19.31 207.05 226.36 OK
r-devel-linux-x86_64-debian-gcc 0.9.1 15.98 145.91 161.89 OK
r-devel-linux-x86_64-fedora-clang 0.9.1 286.88 NOTE
r-devel-linux-x86_64-fedora-gcc 0.9.1 262.48 OK
r-devel-windows-x86_64 0.9.0 62.00 233.00 295.00 OK
r-patched-linux-x86_64 0.9.0 25.60 175.39 200.99 OK
r-release-linux-x86_64 0.9.0 17.91 180.26 198.17 OK
r-release-macos-arm64 0.9.0 77.00 NOTE
r-release-macos-x86_64 0.9.0 95.00 NOTE
r-release-windows-x86_64 0.9.0 42.00 220.00 262.00 OK
r-oldrel-macos-arm64 0.9.0 81.00 NOTE
r-oldrel-macos-x86_64 0.9.0 98.00 NOTE
r-oldrel-windows-ix86+x86_64 0.9.0 39.00 207.00 246.00 OK

Check Details

Version: 0.9.1
Check: Rd cross-references
Result: NOTE
    Undeclared package ‘magrittr’ in Rd xrefs
Flavor: r-devel-linux-x86_64-fedora-clang

Version: 0.9.0
Check: dependencies in R code
Result: NOTE
    Namespace in Imports field not imported from: ‘forcats’
     All declared Imports should be used.
Flavors: r-release-macos-arm64, r-release-macos-x86_64, r-oldrel-macos-arm64, r-oldrel-macos-x86_64