CRAN Package Check Results for Package easypower

Last updated on 2022-09-27 12:52:50 CEST.

Flavor Version Tinstall Tcheck Ttotal Status Flags
r-devel-linux-x86_64-debian-clang 1.0.1 2.28 25.11 27.39 NOTE
r-devel-linux-x86_64-debian-gcc 1.0.1 1.85 20.05 21.90 NOTE
r-devel-linux-x86_64-fedora-clang 1.0.1 47.79 NOTE
r-devel-linux-x86_64-fedora-gcc 1.0.1 44.90 NOTE
r-devel-windows-x86_64 1.0.1 14.00 68.00 82.00 NOTE
r-patched-linux-x86_64 1.0.1 2.18 24.35 26.53 NOTE
r-release-linux-x86_64 1.0.1 1.81 24.70 26.51 NOTE
r-release-macos-arm64 1.0.1 15.00 NOTE
r-release-macos-x86_64 1.0.1 23.00 NOTE
r-release-windows-x86_64 1.0.1 15.00 54.00 69.00 NOTE
r-oldrel-macos-arm64 1.0.1 18.00 NOTE
r-oldrel-macos-x86_64 1.0.1 29.00 NOTE
r-oldrel-windows-ix86+x86_64 1.0.1 6.00 49.00 55.00 NOTE

Check Details

Version: 1.0.1
Check: LazyData
Result: NOTE
     'LazyData' is specified without a 'data' directory
Flavors: r-devel-linux-x86_64-debian-clang, r-devel-linux-x86_64-debian-gcc, r-devel-linux-x86_64-fedora-clang, r-devel-linux-x86_64-fedora-gcc, r-devel-windows-x86_64, r-patched-linux-x86_64, r-release-linux-x86_64, r-release-macos-arm64, r-release-macos-x86_64, r-release-windows-x86_64, r-oldrel-macos-arm64, r-oldrel-macos-x86_64, r-oldrel-windows-ix86+x86_64