CRAN Package Check Results for Package dyncomp

Last updated on 2022-09-27 12:52:50 CEST.

Flavor Version Tinstall Tcheck Ttotal Status Flags
r-devel-linux-x86_64-debian-clang 0.0.2-1 1.67 22.93 24.60 NOTE
r-devel-linux-x86_64-debian-gcc 0.0.2-1 1.85 18.03 19.88 NOTE
r-devel-linux-x86_64-fedora-clang 0.0.2-1 44.12 NOTE
r-devel-linux-x86_64-fedora-gcc 0.0.2-1 40.77 NOTE
r-devel-windows-x86_64 0.0.2-1 8.00 47.00 55.00 NOTE
r-patched-linux-x86_64 0.0.2-1 2.22 22.36 24.58 NOTE
r-release-linux-x86_64 0.0.2-1 2.03 21.84 23.87 NOTE
r-release-macos-arm64 0.0.2-1 14.00 NOTE
r-release-macos-x86_64 0.0.2-1 21.00 NOTE
r-release-windows-x86_64 0.0.2-1 10.00 54.00 64.00 NOTE
r-oldrel-macos-arm64 0.0.2-1 16.00 NOTE
r-oldrel-macos-x86_64 0.0.2-1 23.00 NOTE
r-oldrel-windows-ix86+x86_64 0.0.2-1 5.00 50.00 55.00 NOTE

Check Details

Version: 0.0.2-1
Check: LazyData
Result: NOTE
     'LazyData' is specified without a 'data' directory
Flavors: r-devel-linux-x86_64-debian-clang, r-devel-linux-x86_64-debian-gcc, r-devel-linux-x86_64-fedora-clang, r-devel-linux-x86_64-fedora-gcc, r-devel-windows-x86_64, r-patched-linux-x86_64, r-release-linux-x86_64, r-release-macos-arm64, r-release-macos-x86_64, r-release-windows-x86_64, r-oldrel-macos-arm64, r-oldrel-macos-x86_64, r-oldrel-windows-ix86+x86_64