CRAN Package Check Results for Package doremi

Last updated on 2022-10-02 12:55:51 CEST.

Flavor Version Tinstall Tcheck Ttotal Status Flags
r-devel-linux-x86_64-debian-clang 1.0.0 15.72 321.49 337.21 NOTE
r-devel-linux-x86_64-debian-gcc 1.0.0 13.76 220.85 234.61 NOTE
r-devel-linux-x86_64-fedora-clang 1.0.0 391.43 NOTE
r-devel-linux-x86_64-fedora-gcc 1.0.0 368.57 NOTE
r-devel-windows-x86_64 1.0.0 23.00 333.00 356.00 NOTE
r-patched-linux-x86_64 1.0.0 16.99 278.64 295.63 OK
r-release-linux-x86_64 1.0.0 13.17 278.19 291.36 OK
r-release-macos-arm64 1.0.0 131.00 NOTE
r-release-macos-x86_64 1.0.0 193.00 NOTE
r-release-windows-x86_64 1.0.0 503.00 330.00 833.00 OK
r-oldrel-macos-arm64 1.0.0 183.00 NOTE
r-oldrel-macos-x86_64 1.0.0 201.00 NOTE
r-oldrel-windows-ix86+x86_64 1.0.0 33.00 333.00 366.00 OK

Check Details

Version: 1.0.0
Check: package subdirectories
Result: NOTE
    Problems with news in 'NEWS.md':
     Cannot extract version info from the following section titles:
     New features
Flavors: r-devel-linux-x86_64-debian-clang, r-devel-linux-x86_64-debian-gcc, r-devel-linux-x86_64-fedora-clang, r-devel-linux-x86_64-fedora-gcc, r-devel-windows-x86_64

Version: 1.0.0
Check: dependencies in R code
Result: NOTE
    Namespace in Imports field not imported from: ‘gridExtra’
     All declared Imports should be used.
Flavors: r-devel-linux-x86_64-fedora-clang, r-devel-linux-x86_64-fedora-gcc, r-release-macos-arm64, r-release-macos-x86_64, r-oldrel-macos-arm64, r-oldrel-macos-x86_64