CRAN Package Check Results for Package distillery

Last updated on 2022-09-25 12:55:55 CEST.

Flavor Version Tinstall Tcheck Ttotal Status Flags
r-devel-linux-x86_64-debian-clang 1.2-1 3.80 36.76 40.56 NOTE
r-devel-linux-x86_64-debian-gcc 1.2-1 2.69 27.78 30.47 NOTE
r-devel-linux-x86_64-fedora-clang 1.2-1 58.92 NOTE
r-devel-linux-x86_64-fedora-gcc 1.2-1 58.03 NOTE
r-devel-windows-x86_64 1.2-1 19.00 58.00 77.00 NOTE
r-patched-linux-x86_64 1.2-1 3.90 35.81 39.71 OK
r-release-linux-x86_64 1.2-1 2.84 35.80 38.64 OK
r-release-macos-arm64 1.2-1 18.00 OK
r-release-macos-x86_64 1.2-1 25.00 OK
r-release-windows-x86_64 1.2-1 8.00 55.00 63.00 OK
r-oldrel-macos-arm64 1.2-1 23.00 OK
r-oldrel-macos-x86_64 1.2-1 33.00 OK
r-oldrel-windows-ix86+x86_64 1.2-1 8.00 36.00 44.00 OK

Check Details

Version: 1.2-1
Check: Rd files
Result: NOTE
    checkRd: (-1) booter.Rd:68: Escaped LaTeX specials: \&
    checkRd: (-1) ci.booted.Rd:53: Escaped LaTeX specials: \&
    checkRd: (-1) pbooter.Rd:57: Escaped LaTeX specials: \&
Flavors: r-devel-linux-x86_64-debian-clang, r-devel-linux-x86_64-debian-gcc, r-devel-linux-x86_64-fedora-clang, r-devel-linux-x86_64-fedora-gcc, r-devel-windows-x86_64