CRAN Package Check Results for Package dispositionEffect

Last updated on 2022-09-30 12:55:06 CEST.

Flavor Version Tinstall Tcheck Ttotal Status Flags
r-devel-linux-x86_64-debian-clang 1.0.1 5.51 174.85 180.36 OK
r-devel-linux-x86_64-debian-gcc 1.0.1 4.57 125.48 130.05 OK
r-devel-linux-x86_64-fedora-clang 1.0.1 228.52 OK
r-devel-linux-x86_64-fedora-gcc 1.0.1 222.22 OK
r-devel-windows-x86_64 1.0.1 61.00 210.00 271.00 OK
r-patched-linux-x86_64 1.0.1 5.90 164.34 170.24 OK
r-release-linux-x86_64 1.0.1 4.53 162.71 167.24 OK
r-release-macos-arm64 1.0.1 84.00 ERROR
r-release-macos-x86_64 1.0.1 81.00 ERROR
r-release-windows-x86_64 1.0.1 67.00 219.00 286.00 OK
r-oldrel-macos-arm64 1.0.1 77.00 ERROR
r-oldrel-macos-x86_64 1.0.1 85.00 ERROR
r-oldrel-windows-ix86+x86_64 1.0.1 11.00 211.00 222.00 OK

Check Details

Version: 1.0.1
Check: tests
Result: ERROR
     Running ‘testthat.R’ [5s/6s]
    Running the tests in ‘tests/testthat.R’ failed.
    Last 13 lines of output:
     realized_duration(...) not equal to c(...).
     1/4 mismatches
     [1] 29 - 28 == 1
     ── Failure (test-realized_duration.R:158:2): realized_duration works (realized_only = TRUE) ──
     realized_duration(...) not equal to c(...).
     1/4 mismatches
     [2] 29 - 28 == 1
     ── Failure (test-realized_duration.R:161:2): realized_duration works (realized_only = TRUE) ──
     realized_duration(...) not equal to c(...).
     1/4 mismatches
     [1] 29 - 28 == 1
    
     [ FAIL 36 | WARN 0 | SKIP 0 | PASS 331 ]
     Error: Test failures
     Execution halted
Flavor: r-release-macos-arm64

Version: 1.0.1
Check: tests
Result: ERROR
     Running ‘testthat.R’ [6s/6s]
    Running the tests in ‘tests/testthat.R’ failed.
    Last 13 lines of output:
     realized_duration(...) not equal to c(...).
     1/4 mismatches
     [1] 31 - 28 == 3
     ── Failure (test-realized_duration.R:158:2): realized_duration works (realized_only = TRUE) ──
     realized_duration(...) not equal to c(...).
     1/4 mismatches
     [2] 31 - 28 == 3
     ── Failure (test-realized_duration.R:161:2): realized_duration works (realized_only = TRUE) ──
     realized_duration(...) not equal to c(...).
     1/4 mismatches
     [1] 31 - 28 == 3
    
     [ FAIL 36 | WARN 0 | SKIP 0 | PASS 331 ]
     Error: Test failures
     Execution halted
Flavor: r-release-macos-x86_64

Version: 1.0.1
Check: tests
Result: ERROR
     Running ‘testthat.R’ [5s/5s]
    Running the tests in ‘tests/testthat.R’ failed.
    Last 13 lines of output:
     realized_duration(...) not equal to c(...).
     1/4 mismatches
     [1] 29 - 28 == 1
     ── Failure (test-realized_duration.R:158:2): realized_duration works (realized_only = TRUE) ──
     realized_duration(...) not equal to c(...).
     1/4 mismatches
     [2] 29 - 28 == 1
     ── Failure (test-realized_duration.R:161:2): realized_duration works (realized_only = TRUE) ──
     realized_duration(...) not equal to c(...).
     1/4 mismatches
     [1] 29 - 28 == 1
    
     [ FAIL 36 | WARN 0 | SKIP 0 | PASS 331 ]
     Error: Test failures
     Execution halted
Flavor: r-oldrel-macos-arm64

Version: 1.0.1
Check: tests
Result: ERROR
     Running ‘testthat.R’ [5s/5s]
    Running the tests in ‘tests/testthat.R’ failed.
    Last 13 lines of output:
     realized_duration(...) not equal to c(...).
     1/4 mismatches
     [1] 31 - 28 == 3
     ── Failure (test-realized_duration.R:158:2): realized_duration works (realized_only = TRUE) ──
     realized_duration(...) not equal to c(...).
     1/4 mismatches
     [2] 31 - 28 == 3
     ── Failure (test-realized_duration.R:161:2): realized_duration works (realized_only = TRUE) ──
     realized_duration(...) not equal to c(...).
     1/4 mismatches
     [1] 31 - 28 == 3
    
     [ FAIL 36 | WARN 0 | SKIP 0 | PASS 331 ]
     Error: Test failures
     Execution halted
Flavor: r-oldrel-macos-x86_64