CRAN Package Check Results for Package diskImageR

Last updated on 2022-09-27 12:52:49 CEST.

Flavor Version Tinstall Tcheck Ttotal Status Flags
r-devel-linux-x86_64-debian-clang 1.0.0 5.62 37.76 43.38 NOTE
r-devel-linux-x86_64-debian-gcc 1.0.0 4.08 28.48 32.56 NOTE
r-devel-linux-x86_64-fedora-clang 1.0.0 65.97 NOTE
r-devel-linux-x86_64-fedora-gcc 1.0.0 63.43 NOTE
r-devel-windows-x86_64 1.0.0 30.00 63.00 93.00 NOTE
r-patched-linux-x86_64 1.0.0 5.90 36.22 42.12 NOTE
r-release-linux-x86_64 1.0.0 5.88 35.73 41.61 NOTE
r-release-macos-arm64 1.0.0 19.00 NOTE
r-release-macos-x86_64 1.0.0 27.00 NOTE
r-release-windows-x86_64 1.0.0 32.00 61.00 93.00 NOTE
r-oldrel-macos-arm64 1.0.0 26.00 NOTE
r-oldrel-macos-x86_64 1.0.0 34.00 NOTE
r-oldrel-windows-ix86+x86_64 1.0.0 10.00 60.00 70.00 NOTE

Check Details

Version: 1.0.0
Check: LazyData
Result: NOTE
     'LazyData' is specified without a 'data' directory
Flavors: r-devel-linux-x86_64-debian-clang, r-devel-linux-x86_64-debian-gcc, r-devel-linux-x86_64-fedora-clang, r-devel-linux-x86_64-fedora-gcc, r-devel-windows-x86_64, r-patched-linux-x86_64, r-release-linux-x86_64, r-release-macos-arm64, r-release-macos-x86_64, r-release-windows-x86_64, r-oldrel-macos-arm64, r-oldrel-macos-x86_64, r-oldrel-windows-ix86+x86_64

Version: 1.0.0
Check: Rd cross-references
Result: NOTE
    Undeclared package ‘diversitree’ in Rd xrefs
Flavor: r-devel-linux-x86_64-fedora-clang