CRAN Package Check Results for Package demography

Last updated on 2022-10-02 12:55:50 CEST.

Flavor Version Tinstall Tcheck Ttotal Status Flags
r-devel-linux-x86_64-debian-clang 1.22 26.08 257.55 283.63 NOTE
r-devel-linux-x86_64-debian-gcc 1.22 22.65 184.25 206.90 NOTE
r-devel-linux-x86_64-fedora-clang 1.22 361.12 NOTE
r-devel-linux-x86_64-fedora-gcc 1.22 338.99 NOTE
r-devel-windows-x86_64 1.22 63.00 273.00 336.00 NOTE
r-patched-linux-x86_64 1.22 25.37 241.16 266.53 OK
r-release-linux-x86_64 1.22 25.18 241.70 266.88 OK
r-release-macos-arm64 1.22 91.00 OK
r-release-macos-x86_64 1.22 155.00 OK
r-release-windows-x86_64 1.22 67.00 265.00 332.00 OK
r-oldrel-macos-arm64 1.22 77.00 OK
r-oldrel-macos-x86_64 1.22 146.00 OK
r-oldrel-windows-ix86+x86_64 1.22 59.00 263.00 322.00 OK

Check Details

Version: 1.22
Check: Rd files
Result: NOTE
    checkRd: (-1) lifetable.Rd:15: Escaped LaTeX specials: \$
Flavors: r-devel-linux-x86_64-debian-clang, r-devel-linux-x86_64-debian-gcc, r-devel-linux-x86_64-fedora-clang, r-devel-linux-x86_64-fedora-gcc, r-devel-windows-x86_64