CRAN Package Check Results for Package dccmidas

Last updated on 2022-10-02 12:55:50 CEST.

Flavor Version Tinstall Tcheck Ttotal Status Flags
r-devel-linux-x86_64-debian-clang 0.1.0 55.04 120.61 175.65 OK
r-devel-linux-x86_64-debian-gcc 0.1.0 40.98 90.65 131.63 OK
r-devel-linux-x86_64-fedora-clang 0.1.0 242.84 NOTE
r-devel-linux-x86_64-fedora-gcc 0.1.0 227.30 NOTE
r-devel-windows-x86_64 0.1.0 51.00 160.00 211.00 OK
r-patched-linux-x86_64 0.1.0 46.25 112.66 158.91 OK
r-release-linux-x86_64 0.1.0 47.87 112.04 159.91 OK
r-release-macos-arm64 0.1.0 57.00 NOTE
r-release-macos-x86_64 0.1.0 105.00 NOTE
r-release-windows-x86_64 0.1.0 58.00 160.00 218.00 OK
r-oldrel-macos-arm64 0.1.0 65.00 NOTE
r-oldrel-macos-x86_64 0.1.0 120.00 NOTE
r-oldrel-windows-ix86+x86_64 0.1.0 127.00 184.00 311.00 OK

Check Details

Version: 0.1.0
Check: dependencies in R code
Result: NOTE
    Namespaces in Imports field not imported from:
     ‘Rcpp’ ‘lubridate’ ‘tseries’
     All declared Imports should be used.
Flavors: r-devel-linux-x86_64-fedora-clang, r-devel-linux-x86_64-fedora-gcc, r-release-macos-arm64, r-release-macos-x86_64, r-oldrel-macos-arm64, r-oldrel-macos-x86_64