CRAN Package Check Results for Package copBasic

Last updated on 2017-04-29 23:50:15.

Flavor Version Tinstall Tcheck Ttotal Status Flags
r-devel-linux-x86_64-debian-clang 2.0.5 2.25 36.48 38.73 OK
r-devel-linux-x86_64-debian-gcc 2.0.5 2.26 37.39 39.65 OK
r-devel-linux-x86_64-fedora-clang 2.0.5 69.20 OK --no-stop-on-test-error
r-devel-linux-x86_64-fedora-gcc 2.0.5 65.20 OK --no-stop-on-test-error
r-devel-windows-ix86+x86_64 2.0.5 13.00 81.00 94.00 OK
r-patched-linux-x86_64 2.0.5 2.35 36.81 39.16 OK
r-patched-solaris-sparc 2.0.5 431.10 OK
r-patched-solaris-x86 2.0.5 79.10 OK
r-release-linux-x86_64 2.0.5 2.54 36.65 39.19 OK
r-release-windows-ix86+x86_64 2.0.5 14.00 90.00 104.00 OK
r-release-osx-x86_64 2.0.5 NOTE
r-oldrel-windows-ix86+x86_64 2.0.5 12.00 85.00 97.00 OK
r-oldrel-osx-x86_64 2.0.5 OK

Check Details

Version: 2.0.5
Check: package dependencies
Result: NOTE
    Package suggested but not available for checking: ‘copula’
Flavor: r-release-osx-x86_64