CRAN Package Check Results for Package clustree

Last updated on 2021-10-22 12:59:09 CEST.

Flavor Version Tinstall Tcheck Ttotal Status Flags
r-devel-linux-x86_64-debian-clang 0.4.3 9.42 174.95 184.37 OK
r-devel-linux-x86_64-debian-gcc 0.4.3 7.40 130.12 137.52 OK
r-devel-linux-x86_64-fedora-clang 0.4.3 231.55 OK
r-devel-linux-x86_64-fedora-gcc 0.4.3 223.79 OK
r-devel-windows-x86_64 0.4.3 15.00 215.00 230.00 OK
r-devel-windows-x86_64-gcc10-UCRT 0.4.3 ERROR
r-patched-linux-x86_64 0.4.3 8.90 162.84 171.74 OK
r-patched-solaris-x86 0.4.3 220.80 OK
r-release-linux-x86_64 0.4.3 8.56 163.30 171.86 OK
r-release-macos-arm64 0.4.3 NOTE
r-release-macos-x86_64 0.4.3 OK
r-release-windows-ix86+x86_64 0.4.3 20.00 211.00 231.00 OK
r-oldrel-macos-x86_64 0.4.3 OK
r-oldrel-windows-ix86+x86_64 0.4.3 20.00 193.00 213.00 OK

Check Details

Version: 0.4.3
Check: package dependencies
Result: ERROR
    Packages required but not available: 'ggraph', 'igraph', 'tidygraph'
    
    Package suggested but not available for checking: 'Seurat'
    
    See section 'The DESCRIPTION file' in the 'Writing R Extensions'
    manual.
Flavor: r-devel-windows-x86_64-gcc10-UCRT

Version: 0.4.3
Check: package dependencies
Result: NOTE
    Packages suggested but not available for checking:
     'SingleCellExperiment', 'SummarizedExperiment'
Flavor: r-release-macos-arm64