CRAN Package Check Results for Package clustDRM

Last updated on 2022-09-25 12:55:54 CEST.

Flavor Version Tinstall Tcheck Ttotal Status Flags
r-devel-linux-x86_64-debian-clang 0.1-0 29.33 207.87 237.20 OK
r-devel-linux-x86_64-debian-gcc 0.1-0 22.88 152.04 174.92 OK
r-devel-linux-x86_64-fedora-clang 0.1-0 285.58 NOTE
r-devel-linux-x86_64-fedora-gcc 0.1-0 280.23 NOTE
r-devel-windows-x86_64 0.1-0 39.00 204.00 243.00 OK
r-patched-linux-x86_64 0.1-0 21.52 225.13 246.65 OK
r-release-linux-x86_64 0.1-0 31.91 223.49 255.40 OK
r-release-macos-arm64 0.1-0 7.00 ERROR
r-release-macos-x86_64 0.1-0 6.00 ERROR
r-release-windows-x86_64 0.1-0 41.00 196.00 237.00 OK
r-oldrel-macos-arm64 0.1-0 9.00 ERROR
r-oldrel-macos-x86_64 0.1-0 10.00 ERROR
r-oldrel-windows-ix86+x86_64 0.1-0 56.00 200.00 256.00 OK

Check Details

Version: 0.1-0
Check: dependencies in R code
Result: NOTE
    Namespace in Imports field not imported from: ‘DT’
     All declared Imports should be used.
Flavors: r-devel-linux-x86_64-fedora-clang, r-devel-linux-x86_64-fedora-gcc

Version: 0.1-0
Check: package dependencies
Result: ERROR
    Package required but not available: ‘IsoGene’
    
    See section ‘The DESCRIPTION file’ in the ‘Writing R Extensions’
    manual.
Flavors: r-release-macos-arm64, r-release-macos-x86_64, r-oldrel-macos-arm64, r-oldrel-macos-x86_64