CRAN Package Check Results for Package chess

Last updated on 2022-05-18 18:52:17 CEST.

Flavor Version Tinstall Tcheck Ttotal Status Flags
r-devel-linux-x86_64-debian-clang 1.0.1 7.18 88.41 95.59 NOTE
r-devel-linux-x86_64-debian-gcc 1.0.1 5.92 66.32 72.24 NOTE
r-devel-linux-x86_64-fedora-clang 1.0.1 111.19 NOTE
r-devel-linux-x86_64-fedora-gcc 1.0.1 119.02 NOTE
r-devel-windows-x86_64 1.0.1 32.00 128.00 160.00 NOTE
r-patched-linux-x86_64 1.0.1 7.47 83.40 90.87 NOTE
r-release-linux-x86_64 1.0.1 6.33 83.35 89.68 NOTE
r-release-macos-arm64 1.0.1 32.00 NOTE
r-release-macos-x86_64 1.0.1 52.00 NOTE
r-release-windows-x86_64 1.0.1 31.00 110.00 141.00 NOTE
r-oldrel-macos-arm64 1.0.1 35.00 NOTE
r-oldrel-macos-x86_64 1.0.1 73.00 NOTE
r-oldrel-windows-ix86+x86_64 1.0.1 16.00 100.00 116.00 NOTE

Check Details

Version: 1.0.1
Check: LazyData
Result: NOTE
     'LazyData' is specified without a 'data' directory
Flavors: r-devel-linux-x86_64-debian-clang, r-devel-linux-x86_64-debian-gcc, r-devel-linux-x86_64-fedora-clang, r-devel-linux-x86_64-fedora-gcc, r-devel-windows-x86_64, r-patched-linux-x86_64, r-release-linux-x86_64, r-release-macos-arm64, r-release-macos-x86_64, r-release-windows-x86_64, r-oldrel-macos-arm64, r-oldrel-macos-x86_64, r-oldrel-windows-ix86+x86_64