CRAN Package Check Results for Package changepoint.np

Last updated on 2022-09-25 12:55:53 CEST.

Flavor Version Tinstall Tcheck Ttotal Status Flags
r-devel-linux-x86_64-debian-clang 1.0.3 7.07 43.54 50.61 OK
r-devel-linux-x86_64-debian-gcc 1.0.3 5.80 33.32 39.12 OK
r-devel-linux-x86_64-fedora-clang 1.0.3 70.42 NOTE
r-devel-linux-x86_64-fedora-gcc 1.0.3 68.51 NOTE
r-devel-windows-x86_64 1.0.3 94.00 66.00 160.00 OK
r-patched-linux-x86_64 1.0.3 6.49 42.44 48.93 OK
r-release-linux-x86_64 1.0.3 6.13 41.83 47.96 OK
r-release-macos-arm64 1.0.3 22.00 NOTE
r-release-macos-x86_64 1.0.3 31.00 NOTE
r-release-windows-x86_64 1.0.3 95.00 69.00 164.00 OK
r-oldrel-macos-arm64 1.0.3 26.00 NOTE
r-oldrel-macos-x86_64 1.0.3 44.00 NOTE
r-oldrel-windows-ix86+x86_64 1.0.3 19.00 78.00 97.00 OK

Check Details

Version: 1.0.3
Check: dependencies in R code
Result: NOTE
    Namespace in Imports field not imported from: ‘Rdpack’
     All declared Imports should be used.
Flavors: r-devel-linux-x86_64-fedora-clang, r-devel-linux-x86_64-fedora-gcc, r-release-macos-arm64, r-release-macos-x86_64, r-oldrel-macos-arm64, r-oldrel-macos-x86_64