CRAN Package Check Results for Package cba

Last updated on 2022-09-25 12:55:53 CEST.

Flavor Version Tinstall Tcheck Ttotal Status Flags
r-devel-linux-x86_64-debian-clang 0.2-21 11.17 38.85 50.02 OK
r-devel-linux-x86_64-debian-gcc 0.2-21 8.39 30.27 38.66 OK
r-devel-linux-x86_64-fedora-clang 0.2-21 81.12 WARN
r-devel-linux-x86_64-fedora-gcc 0.2-21 68.98 OK
r-devel-windows-x86_64 0.2-21 32.00 81.00 113.00 OK
r-patched-linux-x86_64 0.2-21 10.93 37.36 48.29 OK
r-release-linux-x86_64 0.2-21 9.94 36.76 46.70 OK
r-release-macos-arm64 0.2-21 27.00 OK
r-release-macos-x86_64 0.2-21 34.00 OK
r-release-windows-x86_64 0.2-21 29.00 78.00 107.00 OK
r-oldrel-macos-arm64 0.2-21 32.00 OK
r-oldrel-macos-x86_64 0.2-21 49.00 OK
r-oldrel-windows-ix86+x86_64 0.2-21 27.00 72.00 99.00 OK

Additional issues

clang15

Check Details

Version: 0.2-21
Check: whether package can be installed
Result: WARN
    Found the following significant warnings:
     proximus.c:6:12: warning: invalid UTF-8 in comment [-Winvalid-utf8]
Flavor: r-devel-linux-x86_64-fedora-clang