CRAN Package Check Results for Package cats

Last updated on 2022-10-02 12:55:49 CEST.

Flavor Version Tinstall Tcheck Ttotal Status Flags
r-devel-linux-x86_64-debian-clang 1.0.2 4.26 44.94 49.20 OK
r-devel-linux-x86_64-debian-gcc 1.0.2 2.55 32.98 35.53 OK
r-devel-linux-x86_64-fedora-clang 1.0.2 73.86 NOTE
r-devel-linux-x86_64-fedora-gcc 1.0.2 67.99 NOTE
r-devel-windows-x86_64 1.0.2 16.00 70.00 86.00 OK
r-patched-linux-x86_64 1.0.2 2.65 42.37 45.02 OK
r-release-linux-x86_64 1.0.2 3.92 42.68 46.60 OK
r-release-macos-arm64 1.0.2 21.00 NOTE
r-release-macos-x86_64 1.0.2 33.00 NOTE
r-release-windows-x86_64 1.0.2 16.00 67.00 83.00 OK
r-oldrel-macos-arm64 1.0.2 17.00 NOTE
r-oldrel-macos-x86_64 1.0.2 25.00 NOTE
r-oldrel-windows-ix86+x86_64 1.0.2 10.00 65.00 75.00 OK

Check Details

Version: 1.0.2
Check: dependencies in R code
Result: NOTE
    Namespaces in Imports field not imported from:
     ‘epitools’ ‘forcats’ ‘purrr’
     All declared Imports should be used.
Flavors: r-devel-linux-x86_64-fedora-clang, r-devel-linux-x86_64-fedora-gcc, r-release-macos-arm64, r-release-macos-x86_64, r-oldrel-macos-arm64, r-oldrel-macos-x86_64