CRAN Package Check Results for Package castor

Last updated on 2022-09-25 12:55:53 CEST.

Flavor Version Tinstall Tcheck Ttotal Status Flags
r-devel-linux-x86_64-debian-clang 1.7.3 150.42 198.33 348.75 OK
r-devel-linux-x86_64-debian-gcc 1.7.3 165.61 148.03 313.64 OK
r-devel-linux-x86_64-fedora-clang 1.7.3 434.35 OK
r-devel-linux-x86_64-fedora-gcc 1.7.3 505.21 OK
r-devel-windows-x86_64 1.7.3 181.00 268.00 449.00 OK
r-patched-linux-x86_64 1.7.3 183.48 188.06 371.54 OK
r-release-linux-x86_64 1.7.3 157.84 190.10 347.94 OK
r-release-macos-arm64 1.7.3 117.00 NOTE
r-release-macos-x86_64 1.7.3 133.00 NOTE
r-release-windows-x86_64 1.7.3 191.00 266.00 457.00 OK
r-oldrel-macos-arm64 1.7.3 104.00 NOTE
r-oldrel-macos-x86_64 1.7.3 133.00 NOTE
r-oldrel-windows-ix86+x86_64 1.7.3 299.00 275.00 574.00 NOTE

Check Details

Version: 1.7.3
Check: installed package size
Result: NOTE
     installed size is 20.5Mb
     sub-directories of 1Mb or more:
     libs 18.6Mb
Flavors: r-release-macos-arm64, r-release-macos-x86_64, r-oldrel-macos-arm64, r-oldrel-macos-x86_64, r-oldrel-windows-ix86+x86_64