CRAN Package Check Results for Package bootnet

Last updated on 2021-10-22 12:59:08 CEST.

Flavor Version Tinstall Tcheck Ttotal Status Flags
r-devel-linux-x86_64-debian-clang 1.4.3 19.58 157.50 177.08 OK
r-devel-linux-x86_64-debian-gcc 1.4.3 11.68 117.73 129.41 OK
r-devel-linux-x86_64-fedora-clang 1.4.3 225.34 NOTE
r-devel-linux-x86_64-fedora-gcc 1.4.3 219.24 NOTE
r-devel-windows-x86_64 1.4.3 31.00 183.00 214.00 OK
r-devel-windows-x86_64-gcc10-UCRT 1.4.3 ERROR
r-patched-linux-x86_64 1.4.3 14.54 149.60 164.14 OK
r-patched-solaris-x86 1.4.3 274.10 NOTE
r-release-linux-x86_64 1.4.3 15.39 149.68 165.07 OK
r-release-macos-arm64 1.4.3 NOTE
r-release-macos-x86_64 1.4.3 NOTE
r-release-windows-ix86+x86_64 1.4.3 49.00 188.00 237.00 OK
r-oldrel-macos-x86_64 1.4.3 NOTE
r-oldrel-windows-ix86+x86_64 1.4.3 50.00 189.00 239.00 OK

Check Details

Version: 1.4.3
Check: package dependencies
Result: NOTE
    Imports includes 22 non-default packages.
    Importing from so many packages makes the package vulnerable to any of
    them becoming unavailable. Move as many as possible to Suggests and
    use conditionally.
Flavor: r-devel-linux-x86_64-fedora-clang

Version: 1.4.3
Check: dependencies in R code
Result: NOTE
    Namespace in Imports field not imported from: ‘psychTools’
     All declared Imports should be used.
Flavors: r-devel-linux-x86_64-fedora-clang, r-devel-linux-x86_64-fedora-gcc, r-patched-solaris-x86, r-release-macos-arm64, r-release-macos-x86_64, r-oldrel-macos-x86_64

Version: 1.4.3
Check: Rd cross-references
Result: NOTE
    Undeclared package ‘psych’ in Rd xrefs
Flavor: r-devel-linux-x86_64-fedora-clang

Version: 1.4.3
Check: package dependencies
Result: ERROR
    Packages required but not available:
     'igraph', 'IsingFit', 'qgraph', 'huge', 'mgm', 'NetworkToolbox',
     'graphicalVAR', 'BDgraph', 'networktools'
    
    See section 'The DESCRIPTION file' in the 'Writing R Extensions'
    manual.
Flavor: r-devel-windows-x86_64-gcc10-UCRT