CRAN Package Check Results for Package bcgam

Last updated on 2021-10-21 12:57:53 CEST.

Flavor Version Tinstall Tcheck Ttotal Status Flags
r-devel-linux-x86_64-debian-clang 1.0 9.80 119.15 128.95 OK
r-devel-linux-x86_64-debian-gcc 1.0 7.20 93.78 100.98 OK
r-devel-linux-x86_64-fedora-clang 1.0 171.23 OK
r-devel-linux-x86_64-fedora-gcc 1.0 159.47 OK
r-devel-windows-x86_64 1.0 12.00 154.00 166.00 OK
r-devel-windows-x86_64-gcc10-UCRT 1.0 ERROR
r-patched-linux-x86_64 1.0 7.69 119.62 127.31 OK
r-patched-solaris-x86 1.0 175.00 ERROR
r-release-linux-x86_64 1.0 8.33 118.60 126.93 OK
r-release-macos-arm64 1.0 OK
r-release-macos-x86_64 1.0 OK
r-release-windows-ix86+x86_64 1.0 12.00 147.00 159.00 OK
r-oldrel-macos-x86_64 1.0 OK
r-oldrel-windows-ix86+x86_64 1.0 23.00 169.00 192.00 OK

Check Details

Version: 1.0
Check: package dependencies
Result: ERROR
    Packages required but not available: 'nimble', 'igraph'
    
    See section 'The DESCRIPTION file' in the 'Writing R Extensions'
    manual.
Flavor: r-devel-windows-x86_64-gcc10-UCRT

Version: 1.0
Check: tests
Result: ERROR
     Running ‘testthat.R’ [25s/28s]
    Running the tests in ‘tests/testthat.R’ failed.
    Complete output:
     > library(testthat)
     > library(bcgam)
     Loading required package: nimble
     nimble version 0.12.1 is loaded.
     For more information on NIMBLE and a User Manual,
     please visit https://R-nimble.org.
    
     Attaching package: 'nimble'
    
     The following object is masked from 'package:stats':
    
     simulate
    
     >
     > test_check("bcgam")
     ===== Monitors =====
     thin = 1: betalpha, tau
     ===== Samplers =====
     conjugate sampler (5)
     - tau
     - betalpha[] (4 elements)
     RW sampler (10)
     - betalpha[] (10 elements)
     thin = 1: betalpha, eta, sigma, tau
     ══ Failed tests ════════════════════════════════════════════════════════════════
     ── Error (testthat.R:3:1): (code run outside of `test_that()`) ─────────────────
     <SHLIBCreationError/ShellError/simpleError/error/condition>
     Error: Failed to create the shared library. Run 'printErrors()' to see the compilation errors.
    
     Backtrace:
     █
     1. └─bcgam::bcgam(...) testthat.R:3:0
     2. └─bcgam:::bcgam.fit(...)
     3. └─nimble::compileNimble(gaus)
     4. └─project$compileModel(units[[i]], control = control, showCompilerOutput = showCompilerOutput)
     5. └─cppProj$compileFile(compileList, showCompilerOutput)
     6. └─nimble:::compileDynamicRegistrations(showCompilerOutput = showCompilerOutput)
     7. └─nimble:::compileStaticCode(dllName, cppName, showCompilerOutput)
    
     [ FAIL 1 | WARN 1 | SKIP 0 | PASS 0 ]
     Error: Test failures
     Execution halted
Flavor: r-patched-solaris-x86