CRAN Package Check Results for Package baycn

Last updated on 2021-10-21 12:57:53 CEST.

Flavor Version Tinstall Tcheck Ttotal Status Flags
r-devel-linux-x86_64-debian-clang 1.2.0 9.14 72.23 81.37 OK
r-devel-linux-x86_64-debian-gcc 1.2.0 7.02 54.33 61.35 OK
r-devel-linux-x86_64-fedora-clang 1.2.0 108.53 OK
r-devel-linux-x86_64-fedora-gcc 1.2.0 94.34 OK
r-devel-windows-x86_64 1.2.0 17.00 93.00 110.00 OK
r-devel-windows-x86_64-gcc10-UCRT 1.2.0 ERROR
r-patched-linux-x86_64 1.2.0 7.54 68.16 75.70 OK
r-patched-solaris-x86 1.2.0 132.20 OK
r-release-linux-x86_64 1.2.0 8.01 67.71 75.72 OK
r-release-macos-arm64 1.2.0 OK
r-release-macos-x86_64 1.2.0 OK
r-release-windows-ix86+x86_64 1.2.0 20.00 94.00 114.00 OK
r-oldrel-macos-x86_64 1.2.0 OK
r-oldrel-windows-ix86+x86_64 1.2.0 23.00 95.00 118.00 OK

Check Details

Version: 1.2.0
Check: package dependencies
Result: ERROR
    Package required but not available: 'igraph'
    
    See section 'The DESCRIPTION file' in the 'Writing R Extensions'
    manual.
Flavor: r-devel-windows-x86_64-gcc10-UCRT