CRAN Package Check Results for Package autoTS

Last updated on 2022-09-24 12:57:22 CEST.

Flavor Version Tinstall Tcheck Ttotal Status Flags
r-devel-linux-x86_64-debian-clang 0.9.11 4.06 83.39 87.45 NOTE
r-devel-linux-x86_64-debian-gcc 0.9.11 3.23 61.33 64.56 NOTE
r-devel-linux-x86_64-fedora-clang 0.9.11 114.68 NOTE
r-devel-linux-x86_64-fedora-gcc 0.9.11 117.61 NOTE
r-devel-windows-x86_64 0.9.11 14.00 115.00 129.00 NOTE
r-patched-linux-x86_64 0.9.11 4.12 82.21 86.33 NOTE
r-release-linux-x86_64 0.9.11 3.48 78.19 81.67 NOTE
r-release-macos-arm64 0.9.11 34.00 NOTE
r-release-macos-x86_64 0.9.11 55.00 NOTE
r-release-windows-x86_64 0.9.11 15.00 114.00 129.00 NOTE
r-oldrel-macos-arm64 0.9.11 49.00 NOTE
r-oldrel-macos-x86_64 0.9.11 46.00 NOTE
r-oldrel-windows-ix86+x86_64 0.9.11 9.00 120.00 129.00 NOTE

Check Details

Version: 0.9.11
Check: LazyData
Result: NOTE
     'LazyData' is specified without a 'data' directory
Flavors: r-devel-linux-x86_64-debian-clang, r-devel-linux-x86_64-debian-gcc, r-devel-linux-x86_64-fedora-clang, r-devel-linux-x86_64-fedora-gcc, r-devel-windows-x86_64, r-patched-linux-x86_64, r-release-linux-x86_64, r-release-macos-arm64, r-release-macos-x86_64, r-release-windows-x86_64, r-oldrel-macos-arm64, r-oldrel-macos-x86_64, r-oldrel-windows-ix86+x86_64

Version: 0.9.11
Check: dependencies in R code
Result: NOTE
    Namespaces in Imports field not imported from:
     ‘plotly’ ‘shinycssloaders’
     All declared Imports should be used.
Flavors: r-devel-linux-x86_64-fedora-clang, r-devel-linux-x86_64-fedora-gcc, r-release-macos-arm64, r-release-macos-x86_64, r-oldrel-macos-arm64, r-oldrel-macos-x86_64