Last updated on 2022-08-14 12:53:12 CEST.
Flavor | Version | Tinstall | Tcheck | Ttotal | Status | Flags |
---|---|---|---|---|---|---|
r-devel-linux-x86_64-debian-clang | 0.1.0 | 2.47 | 370.20 | 372.67 | NOTE | |
r-devel-linux-x86_64-debian-gcc | 0.1.0 | 1.87 | 245.35 | 247.22 | NOTE | |
r-devel-linux-x86_64-fedora-clang | 0.1.0 | 433.36 | NOTE | |||
r-devel-linux-x86_64-fedora-gcc | 0.1.0 | 444.92 | NOTE | |||
r-devel-windows-x86_64 | 0.1.0 | 16.00 | 373.00 | 389.00 | NOTE | |
r-patched-linux-x86_64 | 0.1.0 | 2.36 | 356.52 | 358.88 | NOTE | |
r-release-linux-x86_64 | 0.1.0 | 2.49 | 351.39 | 353.88 | NOTE | |
r-release-macos-arm64 | 0.1.0 | 89.00 | NOTE | |||
r-release-macos-x86_64 | 0.1.0 | 128.00 | NOTE | |||
r-release-windows-x86_64 | 0.1.0 | 13.00 | 371.00 | 384.00 | NOTE | |
r-oldrel-macos-arm64 | 0.1.0 | 104.00 | NOTE | |||
r-oldrel-macos-x86_64 | 0.1.0 | 182.00 | NOTE | |||
r-oldrel-windows-ix86+x86_64 | 0.1.0 | 7.00 | 436.00 | 443.00 | NOTE |
Version: 0.1.0
Check: LazyData
Result: NOTE
'LazyData' is specified without a 'data' directory
Flavors: r-devel-linux-x86_64-debian-clang, r-devel-linux-x86_64-debian-gcc, r-devel-linux-x86_64-fedora-clang, r-devel-linux-x86_64-fedora-gcc, r-devel-windows-x86_64, r-patched-linux-x86_64, r-release-linux-x86_64, r-release-macos-arm64, r-release-macos-x86_64, r-release-windows-x86_64, r-oldrel-macos-arm64, r-oldrel-macos-x86_64, r-oldrel-windows-ix86+x86_64