CRAN Package Check Results for Package anomaly

Last updated on 2022-09-25 12:55:51 CEST.

Flavor Version Tinstall Tcheck Ttotal Status Flags
r-devel-linux-x86_64-debian-clang 4.0.2 74.80 138.79 213.59 OK
r-devel-linux-x86_64-debian-gcc 4.0.2 59.22 101.79 161.01 OK
r-devel-linux-x86_64-fedora-clang 4.0.2 356.57 OK
r-devel-linux-x86_64-fedora-gcc 4.0.2 266.82 OK
r-devel-windows-x86_64 4.0.2 112.00 180.00 292.00 NOTE
r-patched-linux-x86_64 4.0.2 60.45 127.23 187.68 OK
r-release-linux-x86_64 4.0.2 57.98 129.46 187.44 OK
r-release-macos-arm64 4.0.2 76.00 NOTE
r-release-macos-x86_64 4.0.2 121.00 NOTE
r-release-windows-x86_64 4.0.2 152.00 190.00 342.00 NOTE
r-oldrel-macos-arm64 4.0.2 81.00 NOTE
r-oldrel-macos-x86_64 4.0.2 97.00 NOTE
r-oldrel-windows-ix86+x86_64 4.0.2 187.00 247.00 434.00 NOTE

Check Details

Version: 4.0.2
Check: installed package size
Result: NOTE
     installed size is 5.8Mb
     sub-directories of 1Mb or more:
     data 4.1Mb
     libs 1.1Mb
Flavors: r-devel-windows-x86_64, r-release-macos-arm64, r-release-macos-x86_64, r-release-windows-x86_64, r-oldrel-macos-arm64, r-oldrel-macos-x86_64, r-oldrel-windows-ix86+x86_64