CRAN Package Check Results for Package anipaths

Last updated on 2021-10-22 12:59:06 CEST.

Flavor Version Tinstall Tcheck Ttotal Status Flags
r-devel-linux-x86_64-debian-clang 0.10.1 32.24 306.01 338.25 OK
r-devel-linux-x86_64-debian-gcc 0.10.1 29.13 226.26 255.39 OK
r-devel-linux-x86_64-fedora-clang 0.10.1 411.75 OK
r-devel-linux-x86_64-fedora-gcc 0.10.1 401.87 OK
r-devel-windows-x86_64 0.10.1 52.00 333.00 385.00 OK
r-devel-windows-x86_64-gcc10-UCRT 0.10.1 ERROR
r-patched-linux-x86_64 0.10.1 32.59 294.45 327.04 OK
r-patched-solaris-x86 0.10.1 326.90 OK
r-release-linux-x86_64 0.10.1 33.09 293.76 326.85 OK
r-release-macos-arm64 0.10.1 OK
r-release-macos-x86_64 0.10.1 OK
r-release-windows-ix86+x86_64 0.10.1 80.00 329.00 409.00 OK
r-oldrel-macos-x86_64 0.10.1 OK
r-oldrel-windows-ix86+x86_64 0.10.1 47.00 204.00 251.00 OK

Check Details

Version: 0.10.1
Check: package dependencies
Result: ERROR
    Packages required but not available: 'crawl', 'igraph'
    
    See section 'The DESCRIPTION file' in the 'Writing R Extensions'
    manual.
Flavor: r-devel-windows-x86_64-gcc10-UCRT