Last updated on 2022-08-06 12:54:24 CEST.
Flavor | Version | Tinstall | Tcheck | Ttotal | Status | Flags |
---|---|---|---|---|---|---|
r-devel-linux-x86_64-debian-clang | 0.3.2 | 10.22 | 76.46 | 86.68 | OK | |
r-devel-linux-x86_64-debian-gcc | 0.3.2 | 8.28 | 56.75 | 65.03 | OK | |
r-devel-linux-x86_64-fedora-clang | 0.3.2 | 111.91 | NOTE | |||
r-devel-linux-x86_64-fedora-gcc | 0.3.2 | 106.22 | NOTE | |||
r-devel-windows-x86_64 | 0.3.2 | 101.00 | 98.00 | 199.00 | OK | |
r-patched-linux-x86_64 | 0.3.2 | 7.25 | 70.11 | 77.36 | OK | |
r-release-linux-x86_64 | 0.3.2 | 10.28 | 68.71 | 78.99 | OK | |
r-release-macos-arm64 | 0.3.2 | 29.00 | NOTE | |||
r-release-macos-x86_64 | 0.3.2 | 63.00 | NOTE | |||
r-release-windows-x86_64 | 0.3.2 | 73.00 | 98.00 | 171.00 | OK | |
r-oldrel-macos-arm64 | 0.3.2 | 29.00 | NOTE | |||
r-oldrel-macos-x86_64 | 0.3.2 | 46.00 | NOTE | |||
r-oldrel-windows-ix86+x86_64 | 0.3.2 | 23.00 | 91.00 | 114.00 | OK |
Version: 0.3.2
Check: dependencies in R code
Result: NOTE
Namespace in Imports field not imported from: ‘tibble’
All declared Imports should be used.
Flavors: r-devel-linux-x86_64-fedora-clang, r-devel-linux-x86_64-fedora-gcc, r-release-macos-arm64, r-release-macos-x86_64, r-oldrel-macos-arm64, r-oldrel-macos-x86_64