CRAN Package Check Results for Package admiral

Last updated on 2022-09-30 12:55:02 CEST.

Flavor Version Tinstall Tcheck Ttotal Status Flags
r-devel-linux-x86_64-debian-clang 0.8.1 15.08 289.20 304.28 ERROR
r-devel-linux-x86_64-debian-gcc 0.8.1 11.80 213.74 225.54 OK
r-devel-linux-x86_64-fedora-clang 0.8.2 407.58 OK
r-devel-linux-x86_64-fedora-gcc 0.8.2 379.92 OK
r-devel-windows-x86_64 0.8.1 106.00 385.00 491.00 OK
r-patched-linux-x86_64 0.8.1 22.18 262.45 284.63 OK
r-release-linux-x86_64 0.8.1 10.70 261.50 272.20 OK
r-release-macos-arm64 0.8.2 109.00 OK
r-release-macos-x86_64 0.8.1 130.00 OK
r-release-windows-x86_64 0.8.1 120.00 347.00 467.00 OK
r-oldrel-macos-arm64 0.8.2 111.00 OK
r-oldrel-macos-x86_64 0.8.1 146.00 OK
r-oldrel-windows-ix86+x86_64 0.8.1 32.00 349.00 381.00 OK

Additional issues

ATLAS MKL OpenBLAS

Check Details

Version: 0.8.1
Check: tests
Result: ERROR
     Running 'testthat.R' [71s/85s]
    Running the tests in 'tests/testthat.R' failed.
    Complete output:
     > library(testthat)
     > library(admiral)
     >
     > test_check("admiral")
     [1] "N" "Y" NA
     [ FAIL 1 | WARN 1 | SKIP 0 | PASS 497 ]
    
     == Failed tests ================================================================
     -- Failure (test-user_helpers.R:71:3): `adam_templates` objects are printed as intended: some templates --
     capture.output(print(templates)) not identical to `expected_print_output`.
     2/3 mismatches
     x[2]: "<U+2022> ADAE"
     y[2]: "<U+2022> ADAE"
    
     x[3]: "<U+2022> ADSL"
     y[3]: "<U+2022> ADSL"
    
     [ FAIL 1 | WARN 1 | SKIP 0 | PASS 497 ]
     Error: Test failures
     Execution halted
Flavor: r-devel-linux-x86_64-debian-clang