CRAN Package Check Results for Package VertexSimilarity

Last updated on 2021-10-21 12:58:20 CEST.

Flavor Version Tinstall Tcheck Ttotal Status Flags
r-devel-linux-x86_64-debian-clang 0.1 1.85 18.36 20.21 NOTE
r-devel-linux-x86_64-debian-gcc 0.1 1.39 14.65 16.04 NOTE
r-devel-linux-x86_64-fedora-clang 0.1 37.19 NOTE
r-devel-linux-x86_64-fedora-gcc 0.1 25.42 NOTE
r-devel-windows-x86_64 0.1 4.00 33.00 37.00 NOTE
r-devel-windows-x86_64-gcc10-UCRT 0.1 ERROR
r-patched-linux-x86_64 0.1 1.76 17.82 19.58 NOTE
r-patched-solaris-x86 0.1 41.60 NOTE
r-release-linux-x86_64 0.1 1.80 18.19 19.99 NOTE
r-release-macos-arm64 0.1 NOTE
r-release-macos-x86_64 0.1 NOTE
r-release-windows-ix86+x86_64 0.1 3.00 35.00 38.00 NOTE
r-oldrel-macos-x86_64 0.1 OK
r-oldrel-windows-ix86+x86_64 0.1 5.00 37.00 42.00 OK

Check Details

Version: 0.1
Check: LazyData
Result: NOTE
     'LazyData' is specified without a 'data' directory
Flavors: r-devel-linux-x86_64-debian-clang, r-devel-linux-x86_64-debian-gcc, r-devel-linux-x86_64-fedora-clang, r-devel-linux-x86_64-fedora-gcc, r-devel-windows-x86_64, r-patched-linux-x86_64, r-patched-solaris-x86, r-release-linux-x86_64, r-release-macos-arm64, r-release-macos-x86_64, r-release-windows-ix86+x86_64

Version: 0.1
Check: package dependencies
Result: ERROR
    Package required but not available: 'igraph'
    
    See section 'The DESCRIPTION file' in the 'Writing R Extensions'
    manual.
Flavor: r-devel-windows-x86_64-gcc10-UCRT