CRAN Package Check Results for Package UsingR

Last updated on 2022-09-24 12:57:41 CEST.

Flavor Version Tinstall Tcheck Ttotal Status Flags
r-devel-linux-x86_64-debian-clang 2.0-7 17.38 135.80 153.18 NOTE
r-devel-linux-x86_64-debian-gcc 2.0-7 9.22 100.80 110.02 NOTE
r-devel-linux-x86_64-fedora-clang 2.0-7 193.03 NOTE
r-devel-linux-x86_64-fedora-gcc 2.0-7 202.34 NOTE
r-devel-windows-x86_64 2.0-7 118.00 220.00 338.00 NOTE
r-patched-linux-x86_64 2.0-7 15.81 129.69 145.50 OK
r-release-linux-x86_64 2.0-7 14.04 126.11 140.15 OK
r-release-macos-arm64 2.0-7 49.00 OK
r-release-macos-x86_64 2.0-7 84.00 OK
r-release-windows-x86_64 2.0-7 94.00 219.00 313.00 OK
r-oldrel-macos-arm64 2.0-7 50.00 OK
r-oldrel-macos-x86_64 2.0-7 70.00 OK
r-oldrel-windows-ix86+x86_64 2.0-7 39.00 187.00 226.00 OK

Check Details

Version: 2.0-7
Check: Rd files
Result: NOTE
    checkRd: (-1) aosat.Rd:20: Escaped LaTeX specials: \_ \_ \_
    checkRd: (-1) aosat.Rd:21: Escaped LaTeX specials: \_
    checkRd: (-1) arctic.oscillations.Rd:19: Escaped LaTeX specials: \_ \_ \_
    checkRd: (-1) arctic.oscillations.Rd:20: Escaped LaTeX specials: \_
    checkRd: (-1) babies.Rd:28: Escaped LaTeX specials: \&
    checkRd: (-1) babies.Rd:41: Escaped LaTeX specials: \$
    checkRd: (-1) cabinet.Rd:25: Escaped LaTeX specials: \$
    checkRd: (-1) cabinet.Rd:43: Escaped LaTeX specials: \$
    checkRd: (-1) cabinet.Rd:48: Escaped LaTeX specials: \$
    checkRd: (-1) exec.pay.Rd:5: Escaped LaTeX specials: \$
    checkRd: (-1) sp500.excess.Rd:4: Escaped LaTeX specials: \&
    checkRd: (-1) sp500.excess.Rd:6: Escaped LaTeX specials: \&
Flavors: r-devel-linux-x86_64-debian-clang, r-devel-linux-x86_64-debian-gcc, r-devel-linux-x86_64-fedora-clang, r-devel-linux-x86_64-fedora-gcc, r-devel-windows-x86_64