CRAN Package Check Results for Package USAboundaries

Last updated on 2022-10-02 12:56:09 CEST.

Flavor Version Tinstall Tcheck Ttotal Status Flags
r-devel-linux-x86_64-debian-clang 0.4.0 2.10 30.85 32.95 NOTE
r-devel-linux-x86_64-debian-gcc 0.4.0 2.12 24.83 26.95 NOTE
r-devel-linux-x86_64-fedora-clang 0.4.0 55.25 NOTE
r-devel-linux-x86_64-fedora-gcc 0.4.0 54.16 NOTE
r-devel-windows-x86_64 0.4.0 39.00 65.00 104.00 NOTE
r-patched-linux-x86_64 0.4.0 2.52 30.17 32.69 NOTE
r-release-linux-x86_64 0.4.0 1.99 30.21 32.20 NOTE
r-release-macos-arm64 0.4.0 22.00 NOTE
r-release-macos-x86_64 0.4.0 26.00 NOTE
r-release-windows-x86_64 0.4.0 29.00 127.00 156.00 NOTE
r-oldrel-macos-arm64 0.4.0 25.00 NOTE
r-oldrel-macos-x86_64 0.4.0 25.00 NOTE
r-oldrel-windows-ix86+x86_64 0.4.0 7.00 57.00 64.00 NOTE

Check Details

Version: 0.4.0
Check: package dependencies
Result: NOTE
    Package suggested but not available for checking: 'USAboundariesData'
Flavors: r-devel-linux-x86_64-debian-clang, r-devel-linux-x86_64-debian-gcc, r-devel-linux-x86_64-fedora-clang, r-devel-linux-x86_64-fedora-gcc, r-devel-windows-x86_64, r-patched-linux-x86_64, r-release-linux-x86_64, r-release-macos-arm64, r-release-macos-x86_64, r-release-windows-x86_64, r-oldrel-macos-arm64, r-oldrel-macos-x86_64, r-oldrel-windows-ix86+x86_64